e 5*j + 20 = 0, 5*j + 992 = 4*t + 2*j. Suppose 3*m = h - 75, 3*h + 0*m = 4*m + t. What is the greatest common divisor of 58 and h?
29
Let b = -76 + 92. Calculate the highest common divisor of b and 12.
4
Let q = 13 + -2. Suppose -4*j = -156 - 64. What is the greatest common factor of q and j?
11
Let f be 18/(-16) + 1 + 873/72. Let i = f - 11. Let o be ((-9)/(-3))/((-2)/(-6)). Calculate the highest common factor of o and i.
1
Let i be 180/12 - -3*1. Let f be (26 - -1) + i/(-9). Calculate the greatest common factor of f and 100.
25
Suppose u + 0*u = -132. Let c = u + 220. Let t(r) = -r**3 - 2*r**2 + 18*r + 23. Let g be t(-5). What is the highest common divisor of g and c?
8
Let p(v) = 12*v. Let w be p(1). Suppose -3*q + 25*j = 30*j, 0 = 4*q + j - 17. Suppose x + 3 = 1, w = q*t + 4*x. Calculate the highest common divisor of t and 2.
2
Suppose -18686 = -24*t + 12322. What is the greatest common divisor of t and 136?
68
Suppose 34*f = 33*f + 56. Calculate the highest common factor of 616 and f.
56
Suppose 5 - 17 = -3*w. Calculate the highest common divisor of 116 and w.
4
Let j = -560 - -668. What is the highest common factor of 54 and j?
54
Let h(j) = j**2 + 12*j + 20. Let k be h(-11). Suppose 15 = 4*n + 3. What is the greatest common divisor of k and n?
3
Let b(x) = -16*x + 40. Let h be b(9). Let l = -78 - h. Calculate the greatest common factor of l and 65.
13
Suppose -d = g - 5, -592*g - 31 = -597*g - 3*d. Suppose 0*k + 136 = k. What is the highest common divisor of g and k?
8
Let u(l) = 6*l + 3. Let v(n) = -13*n - 7. Let k(a) = 7*u(a) + 3*v(a). Let g be k(8). Suppose 0 = d - 2*d + 36. Calculate the highest common divisor of d and g.
12
Let c be 1*-1 + 0 - -89. Suppose -4*d + 4*r - 8 = 8, 4*r = 8. Let n be 86/14 - 3/21 - d. Calculate the highest common divisor of n and c.
8
Let x = 27 - 38. Let i be (x/(-1))/(4/8). Calculate the greatest common factor of 22 and i.
22
Suppose 2*d + 0*d = 3*k + 369, -4*k + 528 = 3*d. Suppose -o + 3*l + 63 = 0, 97*l - 101*l - 276 = -4*o. What is the highest common factor of o and d?
36
Let o = 210 - -507. Calculate the highest common divisor of o and 3.
3
Suppose 4*o = -c - 2*c + 474, -o = 0. Suppose -2*j + 50 - c = 0. Let p be j/4*(-16)/24. What is the greatest common factor of 9 and p?
9
Suppose -g = 4*v - 22 - 43, 5*g = -v + 21. Let b be (8/10)/((-1)/(-30)). Calculate the greatest common divisor of v and b.
8
Suppose -11 = 5*w - 121. Calculate the greatest common factor of w and 1.
1
Let g be 5460/91 + (4 - 1). What is the greatest common divisor of 273 and g?
21
Let m be (-354)/(-4) + 2*2/(-8). Calculate the highest common factor of 24 and m.
8
Suppose 20*l + 135 - 1235 = 0. What is the highest common divisor of 275 and l?
55
Suppose -5*c = -454 + 69. Let o = 46 - 24. Suppose 3*q - q - o = 0. Calculate the highest common factor of c and q.
11
Suppose -p + 26 = p. Suppose -p - 2 = -5*r. Let j be (-129)/(-4) + (-3)/(-28)*7. What is the greatest common divisor of r and j?
3
Let b(m) = m**2 + 20*m + 5. Let a be b(-18). Let w = a + 71. What is the greatest common divisor of 10 and w?
10
Let t be 0 - 6/(24/(-4)). Calculate the highest common divisor of t and 16.
1
Suppose 36*s + 420 = 37*s. What is the highest common factor of s and 28?
28
Let a = -195 + 197. Calculate the greatest common factor of a and 86.
2
Suppose 3*u - 14 = 4*y, -2*u - 2*y = -0*y. Suppose -4*k = -5*a + 421, u*k = -5*a + 3*k + 409. What is the greatest common factor of a and 9?
9
Let o(m) = m**2 + 6*m + 5. Let s be o(-6). Suppose 0 = -2*f + 3*x + 192 - 52, f + s*x - 70 = 0. What is the highest common divisor of 35 and f?
35
Suppose -7*a + 10 = -2*a. Let r be (0 + 8/6)/(13/(-78)). Let v be ((-9)/18)/(a/r). What is the greatest common divisor of v and 5?
1
Let w be 2/(-3)*3 - -4. Suppose -4*u - 73 = 5*r - 27, w*u = -3*r - 22. Let c be (u/(-5))/((-4)/(-80)). Calculate the greatest common factor of 7 and c.
7
Suppose -2*j - 4*z + 334 = 0, -4*j + 254 = -3*z - 381. Suppose 0 = 5*f - 774 - j. What is the greatest common factor of 17 and f?
17
Let n be (-12 - (-14 + 8)) + 295. Calculate the highest common factor of n and 17.
17
Let z(k) = -k**2 - 6*k + 3. Let g be z(-5). Suppose 56 = 3*q + 4*c, -391*q + 3*c = -394*q + 60. What is the highest common divisor of g and q?
8
Let z be (2/(-2))/((-1)/19). Suppose 0 = w - 24 + 80. Let c = 94 + w. What is the greatest common divisor of z and c?
19
Suppose 0 = 12*i - 460 - 1724. What is the highest common factor of i and 104?
26
Let f = -23 + 2. Suppose 0 = -5*c - 3*z - 246, 4*z = -4 - 4. Let h = f - c. What is the highest common divisor of 3 and h?
3
Suppose -6 = -2*m - m. Let q = m + 12. What is the greatest common factor of 112 and q?
14
Let m = -100 - -124. What is the greatest common factor of 32 and m?
8
Let b be (14/4)/(-1)*14. Let o = 56 + b. What is the highest common factor of 56 and o?
7
Suppose -3 - 42 = -2*l - 5*h, -4*l = 4*h - 84. Let d = 41 - l. What is the greatest common divisor of 21 and d?
21
Let v(y) = -2*y**3 - 3*y + 77. Let t be v(0). Suppose 0 = -5*i - a + 1 + 29, -a = 4*i - 23. What is the greatest common divisor of i and t?
7
Suppose -4*w + 42 = 2. Let o be 18/90 - (-2028)/w. Calculate the greatest common divisor of 29 and o.
29
Let a(l) = l**2 - l - 5. Let v be a(-5). Let i(r) = -r + 43*r**2 + 0*r + 4 - 3. Let q be i(-2). Calculate the highest common divisor of q and v.
25
Let o(t) = t**3 + 18*t**2 - 21*t - 54. Let v be o(-14). What is the highest common factor of 8 and v?
8
Let r be 198/(-8)*20/(-5). Let y be ((-12)/8)/((-1)/8). Let v be (r/y)/((-3)/(-16)). Calculate the greatest common divisor of v and 11.
11
Let n be 14/4 - (-11)/(-22) - -172. What is the greatest common divisor of 14 and n?
7
Suppose 0*q - 220 = -5*q + 5*f, 4*f - 247 = -5*q. Suppose -4*d + q - 7 = 0. Let k = 13 - d. Calculate the greatest common factor of 15 and k.
3
Let r(x) = -x**3 + 37*x**2 - 35*x + 56. Let b be r(36). Calculate the greatest common divisor of 23 and b.
23
Let k(x) = -2*x**2 + 3*x + 6. Let n be k(4). Let d be 3/(-4 + 1)*n. What is the highest common factor of 112 and d?
14
Let p(v) = -7*v - 1. Let b be p(-1). Suppose 3*y - 40 = -5*y. Let j be 224/40 + 2/y. Calculate the highest common divisor of j and b.
6
Let y = 90 - 74. Suppose -405 = -y*f + 43. Calculate the greatest common divisor of 2 and f.
2
Let j be 18/24*(-2)/3*-10. Let p = 53 - -2. Calculate the greatest common factor of p and j.
5
Let b be (-1568)/(-80) + (-4)/(-10). Calculate the greatest common factor of b and 4.
4
Let m(i) = i**3 + 10*i**2 + 18*i + 18. Let f be m(-7). Suppose 0*r - 423 = -d - 2*r, d = -3*r + 420. What is the greatest common factor of f and d?
39
Let o = 179 - 167. What is the greatest common factor of 3 and o?
3
Suppose 4*p - 41 = 5*t, 2*t = -2*p + 5*t + 19. Let v = 22 - 49. Let i = -13 - v. Calculate the highest common factor of p and i.
14
Suppose 0 = 20*h - 15*h - 55. Suppose 70 = 3*p + 4*w, 3*w + w + 106 = 5*p. What is the greatest common factor of h and p?
11
Let r = -90 - -98. Suppose 3*p - 4*h + r*h = 22, 5*p + 4*h = 50. What is the greatest common factor of 56 and p?
14
Suppose 858 = -16*n + 6842. What is the highest common factor of n and 17?
17
Suppose -2*q - 72 = 2*v, v - q = 5*v + 141. Let n = v + 42. Calculate the greatest common divisor of n and 112.
7
Let g = 209 + -88. What is the highest common factor of 22 and g?
11
Suppose 18 = -2936*i + 2938*i. What is the greatest common divisor of 153 and i?
9
Let y(v) be the first derivative of 2*v**3/3 + v**2/2 + v + 16. Let w be y(2). What is the greatest common factor of 22 and w?
11
Let g = -8 + 9. Let n be (65/(-52))/(g/(-4)). Calculate the greatest common divisor of 2 and n.
1
Suppose 1745*f = 1744*f + 171. What is the highest common factor of f and 133?
19
Let s = 126 - 86. Suppose s = 4*o + 4*w, 4*w - 3*w - 50 = -5*o. Let l = o + -2. What is the greatest common divisor of l and 64?
8
Let t = 2837 - 1797. Calculate the greatest common divisor of 80 and t.
80
Suppose -288 = 13*c + 219. Let t = c + 50. Calculate the highest common divisor of t and 55.
11
Let h = 142 - 130. Let p(s) = -s**2 + 11*s + 6. Let x = 26 - 15. Let o be p(x). What is the highest common divisor of h and o?
6
Let i = 310 + -126. What is the greatest common divisor of 1012 and i?
